ed by (24/v)/((-6)/(-60))?
22
Let b = -29 + 41. What is the remainder when 22 is divided by b?
10
Calculate the remainder when (0 + 44/(-5))/(55/(-275)) is divided by 15.
14
Let t be ((-4)/6)/((-4)/150). Suppose 19 + 14 = k + 5*v, -k = 3*v - t. Let l = 20 - -3. Calculate the remainder when l is divided by k.
10
Let y(p) = 2*p**2 - 4*p. Suppose 0 = 3*i + 3*u - 6, -u + 7 + 10 = 4*i. Let m = -1 + i. Calculate the remainder when 31 is divided by y(m).
15
Let r(x) = x**3 + 5*x**2 + 4*x + 1. Let j be r(-3). Let w = 0 + j. What is the remainder when 12 is divided by w?
5
Let c(o) = 20*o - 1. Let z(n) = 21*n. Let s(q) = -4*c(q) + 3*z(q). Calculate the remainder when s(-3) is divided by 14.
13
Calculate the remainder when 34 is divided by 1*2*108/24.
7
Let j(a) = -a**3 + a - 5. Let y be j(0). Let m = -8 - -36. Calculate the remainder when m is divided by y*5*6/(-15).
8
Suppose 5*f = 21 + 9. Let b be (-1)/((-3)/(f/(-2))). Calculate the remainder when -29*(b - -2)/(-1) is divided by 10.
9
Let q(y) = -2*y + 1 - 3 - 2*y**2 + y**2. Let b be q(-3). Calculate the remainder when ((-2)/(-2))/((-1)/b) is divided by 3.
2
Let v(z) = 10*z. Suppose 3*m = m - 36. Let i = m - -45. What is the remainder when i is divided by v(1)?
7
Suppose -5*x - 3 - 142 = 0. Let v = x + 60. Let s(j) = j**3 + 7*j**2 - j + 4. What is the remainder when v is divided by s(-7)?
9
Suppose 5*o - 2*k = 401, k - 6*k = -2*o + 173. Let c = o + -45. Let v = 1 - -11. Calculate the remainder when c is divided by v.
10
Suppose -5*b = -2*o - 228, 2*o - 12 = 5*o. Suppose 261 = 4*v - v. Suppose 5*h + 19 - 116 = -4*x, 5*h = 4*x - v. What is the remainder when b is divided by x?
21
Suppose 3*h + 2*h = -4*x + 69, x - 3*h = -4. Calculate the remainder when 41 is divided by x.
8
Suppose -2*o = 6, -2*t - o + 29 + 14 = 0. Calculate the remainder when 67 is divided by t.
21
Let w(g) = -2*g - 3. Let n be w(-2). Suppose n = -u + 4. What is the remainder when 10 is divided by u?
1
Suppose -d + h + 25 = 0, 0*d + 84 = 4*d + 4*h. What is the remainder when 90 is divided by d?
21
Let g = 2 - -30. What is the remainder when g is divided by 11?
10
Let u = -171 + 300. Suppose -4*i = 3*a - 120, -2*i + 6*i = 4*a + 148. What is the remainder when u is divided by i?
30
Suppose -3*o + 5*t = 8 + 11, 2 = -4*o + 2*t. Calculate the remainder when 4 is divided by o.
0
Suppose -w + 3*q + 12 = 0, 3*q + 60 = 3*w + 6*q. Suppose 10 = -0*f + f. What is the remainder when w is divided by f?
8
Let k(o) = 9*o**2 - 1. Let w be k(1). Calculate the remainder when (-8)/(-32) + 374/w is divided by 12.
11
Let u(k) = -k**3 + 10*k**2 - 8*k - 11. Let b be u(9). Calculate the remainder when b + 1 + -1 - -21 is divided by ((-14)/(-4))/((-1)/(-2)).
5
Let m = -44 - -82. Suppose 4*d - 2*d = -4*h + 74, d = -h + m. Calculate the remainder when d is divided by 10.
9
Let u(b) = -b**3 + 0*b**3 - 12 + 6 + 3*b + 6*b**2. Calculate the remainder when u(6) is divided by 7.
5
Calculate the remainder when 54 is divided by (-3 + 0 - -1) + 21.
16
Suppose 0 = -5*g + 3*g. Suppose g*k + 305 = 5*k. Suppose -4*s - z + 46 = 0, -4*z = 5*s + 9 - k. What is the remainder when 34 is divided by s?
10
Let s = -4 + 23. Suppose 34*h - 29*h - 13 = -4*f, 0 = -5*f - 15. Calculate the remainder when s is divided by h.
4
Let y be (-2)/(((-6)/39)/(-1)). Let v = 6 - y. What is the remainder when v is divided by 11?
8
What is the remainder when 78 is divided by (5 - 4/1)/(3/123)?
37
Let h be (2/(-6))/((-7)/63). Suppose -5*c + h*c = -116. Suppose -p = 5*s - 10, 4*p + 3*s = p + 54. Calculate the remainder when c is divided by p.
18
Let u = -9 + 14. Suppose -5*b + 5*s = -250, -b - u*s - 152 = -4*b. What is the remainder when b is divided by 1/(70/34 + -2)?
15
Suppose -a + 18 - 3 = 0. Let v = 27 + 2. Calculate the remainder when v + ((-2)/2 - 0) is divided by a.
13
Let s = 1 + -2. Let p(d) = d**2 - 3*d - 2. Calculate the remainder when (-3)/(s/(-2) + -2) is divided by p(4).
0
Suppose -2*h - h + 270 = 0. Calculate the remainder when h is divided by 13.
12
Let z = 100 - 61. Let b = 65 - z. Calculate the remainder when b is divided by 14.
12
Suppose 1 = 2*z - 5*u - 2, -2*u - 32 = -3*z. Suppose c - z = -c. Calculate the remainder when 13 is divided by c.
6
Let l be 0/(1/(2 - 3)). Suppose l = -2*t - t + 144. Calculate the remainder when t is divided by 17.
14
Suppose 4*i + y = 6*y + 2, 3*i = -y + 11. Suppose -i*z + 30 = 3. Suppose -41 = -2*v - 7. What is the remainder when v is divided by z?
8
Let u be 2/9 - 6/27. Suppose 4*o + 16 = u, -5*m + 19 = -0*m - o. Calculate the remainder when 7 is divided by m.
1
Let j(q) = 6 + 6 - 3 + 10*q. What is the remainder when j(6) is divided by 18?
15
Let l = -2 - -6. Suppose l*d - 2*v = 278, 6 = 4*v - 14. Suppose 3*b + 4*k - d = b, -5*b - 3*k = -187. Calculate the remainder when b is divided by 20.
18
Suppose -2*o = -3*x + 54, -26 - 64 = -5*x - 3*o. What is the remainder when 51 is divided by x?
15
Suppose -3*t - 4*v = -117, 4*t = v + 55 + 82. Calculate the remainder when t is divided by 6.
5
Suppose 5*n + 6 = 5*p - p, 0 = 2*n + 3*p - 16. Calculate the remainder when n + 0 + 52 + 4 is divided by 20.
18
Calculate the remainder when 8/3*75/4 is divided by 26.
24
What is the remainder when ((-2)/(-3) - 2)/(4/(-174)) is divided by 22?
14
Let o be (8/(-6))/(4/(-42)). Let a = 34 - o. Calculate the remainder when 58 is divided by a.
18
Suppose -2*v = -2*j + 8, 3*j - j = -3*v + 33. What is the remainder when (-2)/(-3) + 318/j is divided by 13?
10
Let b = -1 - -29. Suppose 4*u = 2*f + f + b, 4*u - 20 = f. Calculate the remainder when 9 is divided by 13/u - 2/8.
0
Suppose 9*t = 111 + 33. Calculate the remainder when 41 is divided by t.
9
Let r = -14 + 22. Calculate the remainder when 22 is divided by r.
6
Let c(h) = -9*h**3 - h**2 - 2*h - 2. Calculate the remainder when 22 is divided by c(-1).
6
Suppose -3*o - r = -688, 0*r + 713 = 3*o - 4*r. What is the remainder when o is divided by 39?
36
Suppose -2 = 5*x - 7. Let h = x + 6. What is the remainder when 26 is divided by h?
5
What is the remainder when 83 is divided by 22 - ((-1 + -1)*-1 - 2)?
17
Suppose 5 = 5*c, 4*b + 5*c - 27 - 22 = 0. Calculate the remainder when b is divided by 7.
4
Let n be ((-64)/(-6))/((-2)/(-15)). Suppose 2*u = -2*p + 648, -p = -u + n + 236. What is the remainder when u/12 - (-2)/(-3) is divided by 9?
8
Let j = 49 + -38. What is the remainder when 644/20 - 1/5 is divided by j?
10
Suppose -2*j = -j - 3, -2*j + 78 = 2*s. Suppose x = 5*x - s. Calculate the remainder when x is divided by 5.
4
Suppose -x = -0*x - 8. Let d be (-4)/12 + x/6. Calculate the remainder when 2 is divided by (2 - 2/2)/d.
0
Suppose 4*g - 3*c - 45 = 0, -2*c - 3*c + 30 = 5*g. Calculate the remainder when 35 is divided by g.
8
Let g(l) = l**3 - 2*l**2 + 21. Calculate the remainder when g(0) is divided by 6.
3
Let n(w) = w**2 + 13*w + 15. Let p be n(-12). Suppose 4*i + 0*i - 8 = 0. Let s = i + p. What is the remainder when 14 is divided by s?
4
Let u(y) = -y**2 + 2*y + 10. What is the remainder when 38 is divided by u(0)?
8
Let n(s) = -s**2 + 2*s - 1. Let m be n(2). Let h(j) = j**3 + 6*j**2 + 3. Let a be h(-6). Let i = a - m. Calculate the remainder when 6 is divided by i.
2
Calculate the remainder when 83 is divided by (-1)/(-3) - (-34)/6.
5
Let u(w) = -w**3 + 4*w**2 + 6*w - 2. Let s = 10 + -5. Suppose s*i = -f + 34 - 6, 0 = -4*i - 3*f + 18. Calculate the remainder when i is divided by u(5).
0
Let s(t) = -t**2 + 4*t. Let x be s(2). Suppose 3*b = -2*z + 7*z + 18, 3*b = x*z + 21. Calculate the remainder when b is divided by 1/(-2) + 15/2.
4
Suppose 0*d = 2*f - d - 28, 2*d - 28 = -3*f. Calculate the remainder when 44 is divided by f.
8
Let m = 101 + -83. Calculate the remainder when m is divided by 10.
8
Suppose 5*t = 2*t + 6. Suppose -t*u = -7*u + 50. Suppose 3*h - 2 - u = 0. Calculate the remainder when h is divided by 2.
0
Let o = -7 - -22. What is the remainder when 55 is divided by o?
10
Suppose 3*w - 4*f - 15 - 39 = 0, w - 4*f - 26 = 0. Let m = -7 + w. What is the remainder when m is divided by 5?
2
Let x(t) = t**3 - 9*t**2 + t + 17. What is the remainder when 50 is divided by x(9)?
24
Let f be 0/(-4 - -1) + 188. Suppose -5*d = -y + 62, 4*y + 0*y - 5*d = f. What is the remainder when y is divided by 11?
9
Let b be 4/(-14